 25. Suppose u*w = 2*w + 24. What are the prime factors of w?
2
Let x(l) = -l**3 - 4*l**2 - l - 2. Let q be x(-4). Suppose q*v = -v. Suppose v = u - 0*u - 9. List the prime factors of u.
3
What are the prime factors of (-8124)/(-76) - (-4)/38?
107
Let w(u) = 2*u + 99. What are the prime factors of w(0)?
3, 11
Suppose d - 4 = q - 2*d, 0 = q + 4*d - 24. Suppose -z = q - 25. What are the prime factors of z?
17
Suppose 0*j + j = 0, 4*t = -4*j - 96. Let k = -17 - t. What are the prime factors of -2*k*1/(-2)?
7
Let z(v) = -276*v - 6. List the prime factors of z(-1).
2, 3, 5
Let n(d) = 2*d**2 - d + 3 + 3*d**2 - 3*d**2. Let t be ((-88)/32 - (-1)/(-4))/(-1). What are the prime factors of n(t)?
2, 3
Let h(l) be the first derivative of -l**2/2 + 9*l - 3. What are the prime factors of h(0)?
3
Let i be (32/(-6))/(2/42). List the prime factors of (i/12 - 3)*-3.
37
Suppose 0 = -6*u + 333 - 33. What are the prime factors of u?
2, 5
Suppose -5*f - 3*f + 1048 = 0. List the prime factors of f.
131
Suppose -4*n - 76 = -4*k - 0*n, k = 5*n + 31. Let g(y) = -y**2 + 7*y - 2. Let r be g(3). Let d = k - r. List the prime factors of d.
2, 3
Let l(s) = s**2 - 5*s + 2. Let u be l(5). Let f = u - -3. Suppose -3*g - 8 = k, 0*g + 11 = -2*k - f*g. List the prime factors of k.
7
Let v(l) = l**3 - 7*l**2 - 7*l + 1. Let k be v(8). Let m(b) = b + 4. List the prime factors of m(k).
13
Let k = -11 + 33. List the prime factors of k.
2, 11
Let t(u) = -u**3 - 5*u**2 - 3*u - 8. Let r be t(-6). Suppose 2*n = r - 14. Suppose -5*x + 4 + n = 0. What are the prime factors of x?
2
Suppose -2*c - 284 = -2*p - 7*c, p + 4*c - 148 = 0. List the prime factors of p.
2, 3, 11
Suppose -k - 40 = -2*k. Suppose -2*h + 40 = 4*z + 4, -3*h + z + k = 0. What are the prime factors of h?
2, 7
Suppose -y + w + 4 = 0, -3*w - w - 16 = -3*y. Let z(q) = -q + 12. What are the prime factors of z(y)?
2, 3
Let j(l) = l**2 - 3*l - 5. Let d be j(4). Let h be (d/(-3) - 2)*-3. Suppose 0 = -2*q, 5*t = q - h*q + 35. What are the prime factors of t?
7
Let c(o) = -6*o + 4. Let p be c(6). List the prime factors of (p/40)/(4/(-10)).
2
Suppose 0*s - 4*s = 0, 912 = 4*w - 5*s. Let z be w/(-14) + (-2)/(-7). Let p = z + 23. What are the prime factors of p?
7
Let h = 3 + -1. Let m be (-1 + 0)/((-11)/11). Let y = m + h. What are the prime factors of y?
3
Let m = -30 + 48. What are the prime factors of m?
2, 3
Let b = -78 + 175. List the prime factors of b.
97
Let d(a) = -4*a**3 - a**3 - 1 + 0*a**2 + 3*a**2 - a**2. List the prime factors of d(-1).
2, 3
Suppose 0 = -5*f - 2*p - p + 257, 0 = -5*p - 5. Let c = f - 32. List the prime factors of c.
2, 5
Let z = 11 + 146. What are the prime factors of z?
157
Suppose -3*q + 26 = 5*b, 3 = -2*b - 7. What are the prime factors of q?
17
Let p(f) = -f**3 + 7*f**2 - 3*f - 8. What are the prime factors of p(4)?
2, 7
What are the prime factors of 3650/15 + -4*3/(-18)?
2, 61
Let c = 0 - -3. Suppose 4*w = -2*i - 8, w = -3*i - c*w - 2. What are the prime factors of i?
2, 3
Let b = -13 - 2. Let z = -29 - b. What are the prime factors of 4/(-6) - z/3?
2
Let h(x) = 3*x**3 - 2*x**2 + 2*x. Let s be h(2). Suppose -3*b = b - s. List the prime factors of b.
5
What are the prime factors of ((8/(-5))/(-2))/((-6)/(-975))?
2, 5, 13
Suppose 4*f - 15 = -5*p + 25, -2*f = -4*p + 6. Suppose -2*l + 4*l - f = -a, 4*l = -3*a + 11. What are the prime factors of 0/5 + (a - -14)?
3, 5
Suppose -2*u = i - 145, -u + 4*u + 471 = 3*i. What are the prime factors of i?
3, 17
Let f be -2*(-1 + 117/(-6)). Suppose -2*i - 3 = -2*z - 35, -2*i + 5*z + f = 0. List the prime factors of i.
13
What are the prime factors of (-50)/20*428/(-10)?
107
Let n(p) = p**3 + 2*p. List the prime factors of n(3).
3, 11
Let c be (-1)/(0 - (-3)/(-30)). Let a = 8 + c. List the prime factors of a.
2, 3
Suppose 3*q - 13 = 2*m, 15 + 3 = 2*q + m. Let x = 0 + q. What are the prime factors of x?
7
Suppose 570 = 3*v + 4*k, -v = 2*v - 4*k - 594. List the prime factors of v.
2, 97
Suppose 3*c + 3*o + o = -220, -3*c + 2*o = 250. What are the prime factors of c/(-6)*(4 + -1)?
2, 5
What are the prime factors of 317/(4 + 15/(-5))?
317
Let l = 32 - 23. Suppose -5*j + 51 = -l. List the prime factors of j.
2, 3
Suppose 0*d - 2*d + 22 = 0. Let z = d + -7. Suppose -4*x - 20 = 0, -k + 3*x = -z*k - 3. List the prime factors of k.
2
Let i(d) = 4*d. Suppose 2*b - 7 = -1. List the prime factors of i(b).
2, 3
List the prime factors of 5/2*424/20.
53
Let p(v) = 2*v**2 - 5*v. Let u be p(6). Suppose -2*j + 18 = j + 3*x, 4*j - 2*x - u = 0. What are the prime factors of j?
3
Let x(d) = -21*d + 2. What are the prime factors of x(-7)?
149
Let i = 8 - 5. Suppose -i*d = -g - 40, -5*d + 0*g - 5*g + 60 = 0. What are the prime factors of d?
13
Suppose -22 = -7*a + 5*a. Let q = a + 1. List the prime factors of q.
2, 3
Let p(t) = -5*t**3 + t. Let l be p(-1). Let d(j) = j**2 - 4*j + 3. List the prime factors of d(l).
3
Let q be -4*(1 + 1 + -3). Suppose -q*h = 2*w - 37 + 9, 2*h = 10. Suppose -w*f - 4*i = -28, 0*i = -2*f + 4*i + 14. List the prime factors of f.
7
Let b(j) = 6*j**3 - 2*j + 2. Let z(q) = -2*q**2 - 7*q - 1. Let t be z(-3). List the prime factors of b(t).
2, 23
Suppose -3*l = 5*y - 0*l - 237, -4*y + 2*l = -194. What are the prime factors of y?
2, 3
Let p(d) = -3*d. Let x be p(-2). Suppose 2*a - x = -3*k - 0*a, 5*k - 10 = -4*a. Suppose -3*v = 15, -3*l = v - k - 26. What are the prime factors of l?
11
Suppose z - 30 = q + 105, -3*q = 3*z - 387. List the prime factors of z.
2, 3, 11
Let a(i) = i**2 - 12*i - 10. List the prime factors of a(-7).
3, 41
Suppose -5*f + i + 310 = -4*i, 5*f - 350 = -3*i. List the prime factors of f.
67
Suppose n - 20 = 3*l, 3*n - 68 = 4*l + 17. Suppose 2*m - 28 = v, -4*m + n + 21 = 2*v. Suppose -47 - 23 = -5*k - 5*b, -m = -k - 4*b. List the prime factors of k.
2, 7
Let x = -3 + 14. Let y = -1 + x. What are the prime factors of y?
2, 5
Suppose -7*g = -2*g - 20. Suppose c + 2*c - g*r + 20 = 0, -2 = -r. List the prime factors of (c + 3)/(1/(-11)).
11
List the prime factors of 7*3/(-5)*-5.
3, 7
Let u be 0 - 2/6*0. Suppose -v - 4*v + 40 = u. What are the prime factors of v?
2
Let l = 0 + 33. List the prime factors of l.
3, 11
Suppose 4*v - 18 = 282. What are the prime factors of v?
3, 5
Let q(w) = -w**3 + 2*w**2 + w. Let j be -2 + (1 - (-2)/(-2)). Let x be q(j). Suppose 4*r - 6*r + x = 0. List the prime factors of r.
7
Let l(v) be the second derivative of v**3/6 - v**2 - v. Let f be l(4). List the prime factors of 2*f*(-11)/(-4).
11
Let j = 8 - 11. Let k be -9*((-10)/j)/(-5). Suppose -t + k = t. What are the prime factors of t?
3
Suppose 4*q - 27 = 45. Suppose 2*z = z + q. What are the prime factors of z?
2, 3
Let i = 63 - -22. Suppose 5*c = -0*c + i. List the prime factors of c.
17
List the prime factors of (-1 + 0)*(-16 + -1).
17
Suppose -2*p = -45 - 9. Let k be (p/(-6))/(2/4). What are the prime factors of 12/(-5)*30/k?
2
Let d = 43 - 23. Let k = -11 + d. What are the prime factors of k?
3
Let o be 12/9*6/4. Let q be -1 + (o - 0 - 2). Let s = 7 + q. What are the prime factors of s?
2, 3
Let w(d) = -d**3 + 5*d**2 - 3*d - 4. Let s(j) = -j**2 - 4*j + 1. Let r be s(-3). Let q be w(r). Suppose q*n = 3*n - 15. What are the prime factors of n?
5
Let w(p) = 62*p**3 + p**2 + p - 1. List the prime factors of w(1).
3, 7
Let w = -3 - -3. Suppose 2 = u - w. Suppose 3*t = -i - 5 + 34, -5*t = -u*i - 30. What are the prime factors of t?
2
Let u(x) = 6 + 4 - x**3 - 7*x + 0 - 8*x**2. Let c be 21/(-6)*2*1. What are the prime factors of u(c)?
2, 5
Suppose 3*p + f = -0*f + 103, 2*p + 2*f - 62 = 0. Suppose 0 = 2*x + 2*x - p. What are the prime factors of x?
3
Let x be (4/10)/(5/75). List the prime factors of 132/(-9)*x/(-4).
2, 11
Let k(t) = -t**3 + 2*t**2 + 2*t + 1. What are the prime factors of k(-3)?
2, 5
Suppose 14 + 10 = -3*k. Let s = -1 - k. Suppose -3*p = -s*p + 68. What are the prime factors of p?
17
Suppose -3*o = -3*g + 105, 4*o - 175 = -3*g - 2*g. What are the prime factors of g?
5, 7
Suppose -5*y = -5*g - 10, -5*g + 2 - 4 = -y. Suppose -4*k + g*k = -28. List the prime factors of k.
7
Let z(x) = -x + 2. Let y be z(2). Let i be (-5)/2*(-1 + 5). Let v = y - i. List the prime factors of v.
2, 5
Let l(i) = i + 12. Let t be l(0). Let f = t - 3. List the prime factors of f.
